4
What is -455d7 (base 15) in base 9?
-365664
Convert 123042 (base 9) to base 10.
74396
-4346216 (base 7) to base 16
-82136
Convert 1321131401 (base 5) to base 2.
1100100110001011010101
-1212221021 (base 3) to base 9
-55837
14410 (base 8) to base 7
24453
Convert 1b4a764 (base 12) to base 6.
324501004
What is -242500 (base 8) in base 5?
-10131024
-602014 (base 7) to base 16
-18ca3
2021655 (base 7) to base 10
240777
92ba1 (base 12) to base 13
693a9
Convert -12001222220 (base 3) to base 15.
-1e8d0
-7605227 (base 10) to base 13
-1763846
What is 1020021121 (base 3) in base 10?
24262
Convert 10001000110100100100 (base 2) to base 8.
2106444
-ef3d (base 16) to base 7
-343362
What is -3122303 (base 7) in base 2?
-1011011101001100000
-7465ad (base 15) to base 6
-314422331
Convert -313213300 (base 4) to base 10.
-227824
Convert -120d9e (base 15) to base 11.
-53aa01
-31322664 (base 7) to base 14
-4cba6b
What is 59483 (base 10) in base 14?
1796b
What is 1804a (base 11) in base 9?
37678
-32503 (base 13) to base 9
-147647
-310275 (base 9) to base 2
-101100111010000010
Convert -352476 (base 9) to base 13.
-75537
What is 10001001001100111 (base 2) in base 5?
4221442
Convert 2030131434 (base 5) to base 3.
21210122001201
14a2786 (base 12) to base 5
2033140423
Convert 28048 (base 16) to base 5.
20221122
Convert -1103210203 (base 4) to base 9.
-571501
Convert -1000320330 (base 4) to base 15.
-53b43
What is 29a6b (base 14) in base 13?
381bc
What is -6e841 (base 16) in base 15?
-8e1d3
-8c8478 (base 13) to base 9
-6236765
What is 14945c (base 16) in base 7?
14315033
-168253 (base 9) to base 10
-104457
What is 231057 (base 8) in base 6?
1402515
What is -16557580 (base 9) in base 4?
-133223221131
Convert 3200000330 (base 4) to base 3.
1201121122212
20010110022 (base 3) to base 16
1d729
-100010101111001 (base 2) to base 16
-4579
Convert -724325 (base 10) to base 7.
-6104510
Convert 23229 (base 11) to base 4.
20030030
Convert 2205104 (base 7) to base 8.
1020530
Convert 100111101111110001011000 (base 2) to base 6.
1011153240
What is c1ae85 (base 15) in base 4?
203012020112
What is 12121002211 (base 3) in base 13?
3b1a6
Convert 3131213000 (base 4) to base 12.
379368
20242340 (base 5) to base 4
220113201
-2222220100 (base 3) to base 15
-1271c
What is -312022232 (base 4) in base 13?
-79cac
Convert -55324112 (base 6) to base 14.
-312c44
Convert 1192563 (base 10) to base 11.
744a99
What is -1001010010011100110 (base 2) in base 5?
-34214413
Convert -a3951f (base 16) to base 2.
-101000111001010100011111
-4b302 (base 15) to base 9
-405562
Convert -111011111011111 (base 2) to base 3.
-1120002120
2b20 (base 12) to base 11
3894
11100100010100010110011 (base 2) to base 5
3403402043
What is 43132003 (base 6) in base 9?
2347533
-150ab (base 15) to base 8
-204115
Convert 4555445 (base 8) to base 2.
100101101101100100101
Convert -176716 (base 9) to base 15.
-2288c
Convert -22122111101121 (base 3) to base 12.
-16577ba
Convert 2112211001121 (base 3) to base 2.
101001010101100011101
Convert -e1da (base 15) to base 5.
-3011210
Convert 3240405 (base 6) to base 11.
aa940
Convert 8d0d0 (base 16) to base 12.
23a414
-1110010111011111 (base 2) to base 9
-88645
101101010021221 (base 3) to base 14
a374b7
Convert 1980320 (base 11) to base 2.
1100101111000100100101
What is -22487a2 (base 12) in base 15?
-89ae05
Convert 11473225 (base 8) to base 4.
21213122111
What is 162da2 (base 16) in base 11?
903020
23140521 (base 6) to base 2
10101110000100100001
-61236603 (base 7) to base 6
-301204423
-15770 (base 13) to base 12
-1b758
Convert 6a002 (base 11) to base 13.
37075
-2a727aa (base 11) to base 5
-2321302443
102027 (base 9) to base 8
166164
-2d5a (base 16) to base 14
-4334
What is 1151732 (base 8) in base 16?
4d3da
Convert -3042334324 (base 5) to base 12.
-20b8758
1a670a0 (base 14) to base 15
124d84a
50351024 (base 6) to base 10
1429720
Convert 1ab717 (base 13) to base 14.
13a8db
48247a (base 14) to base 11
1433aa3
What is 223031102 (base 4) in base 3?
22222202202
Convert 123424113 (base 5) to base 16.
94721
Convert 7300332 (base 8) to base 6.
105235310
Convert 20050523 (base 6) to base 5.
121112142
11110200120 (base 3) to base 8
253655
-3311411 (base 7) to base 5
-101000231
Convert -4440003141 (base 5) to base 4.
-210331031301
-24425051 (base 7) to base 3
-11010100010022
Convert -159189 (base 10) to base 6.
-3224553
-1171505 (base 9) to base 14
-1284ba
Convert -10001011111000100 (base 2) to base 9.
-118217
Convert -40433045 (base 8) to base 2.
-100000100011011000100101
Convert -441453 (base 8) to base 10.
-148267
What is -296a035 (base 11) in base 13?
-109468b
Convert 11418bc (base 13) to base 8.
24216722
Convert -111220113 (base 6) to base 10.
-2024397
Convert -344204211 (base 5) to base 4.
-11323110101
Convert 2113003 (base 6) to base 3.
12020100010
Convert -11533277 (base 8) to base 12.
-a24313
Convert -2235563 (base 9) to base 13.
-3324a8
What is 549a1 (base 14) in base 15?
40ae1
-545188 (base 9) to base 6
-10545555
What is -12041 (base 10) in base 16?
-2f09
What is 120101211100 (base 3) in base 12?
127516
What is 87751 (base 9) in base 14?
172d6
Convert -12442412 (base 6) to base 7.
-3325454
What is -231132001 (base 4) in base 7?
-1403656
171880 (base 11) to base 4
1000323011
1e116c (base 15) to base 7
15340020
101042022 (base 5) to base 14
a90b2
-1022102010120 (base 3) to base 15
-db7d0
Convert 83aa27 (base 15) to base 13.
13b3886
c1b26d (base 14) to base 12
2226a55
Convert 10154100 (base 6) to base 2.
1001000000010110100
Convert 331001021 (base 5) to base 11.
891418
-1a05081 (base 15) to base 10
-19001371
Convert 10311403333 (base 5) to base 6.
1032414350
What is -1565b82 (base 12) in base 15?
-5b3472
Convert -624315 (base 8) to base 2.
-110010100011001101
Convert 10033146 (base 7) to base 10.
831858
What is 14341411 (base 5) in base 15?
303c1
What is 1580507 (base 10) in base 15?
213472
Convert 2039b5 (base 13) to base 14.
1578bc
689940 (base 13) to base 15
33e17c
Convert 2303520 (base 6) to base 2.
11100101011101000
15331101 (base 7) to base 5
334013210
What is 8fbe3 (base 16) in base 12?
244883
-47819 (base 15) to base 16
-37a6d
-704726 (base 10) to base 7
-5663411
What is -301001121 (base 4) in base 9?
-335383
What is 3da12 (base 14) in base 10?
152896
What is -14b900 (base 12) in base 5?
-42231310
Convert 2312322222 (base 4) to base 14.
157082
Convert 223463 (base 11) to base 5.
42342210
44848 (base 16) to base 4
1010201020
What is -334255222 (base 6) in base 7?
-102515444
5657a21 (base 11) to base 4
211302322122
-100100111002010 (base 3) to base 16
-4bd4b2
Convert -31b98 (base 12) to base 4.
-100001210
Convert -6acc2 (base 16) to base 3.
-211020001120
What is -435e8 (base 15) in base 11?
-136837
What is -126534 (base 7) in base 16?
-5d81
Convert 4240231 (base 5) to base 13.
265cb
What is 4223163 (base 7) in base 8?
1744267
251672 (base 11) to base 2
1100001000010000011
Convert -2130302 (base 6) to base 12.
-50992
2975bb (base 15) to base 12
805005
What is 135537 (base 16) in base 7?
13524606
Convert 15b1374 (base 14) to base 8.
50466272
What is -1c2c6 (base 15) in base 14?
-25625
596db7 (base 15) to base 10
4275847
Convert -5777112 (base 10) to base 7.
-100050615
What is -3041752 (base 9) in base 13?
-44a314
What is 13c8a (base 16) in base 15?
19024
Convert -1521124 (base 7) to base 5.
-23110041
What is -355050 (base 6) in base 3?
-1120102010
Convert 34433432 (base 5) to base 13.
abb82
What is 132566 (base 9) in base 11?
55663
-213000030 (base 4) to base 16
-2700c
What is -10200221302 (base 4) in base 11?
-738329
What is -69179 (base 14) in base 2?
-111110011000000111
6201307 (base 9) to base 8
14474313
What is 577446 (base 11) in base 15?
131d2d
What is -1cde21 (base 15) in base 6?
-50145551
Convert 505152 (base 7) to base 2.
10100111101001100
102202200021 (base 3) to base 16
388a2
1118b18 (base 12) to base 13
8a6abb
What is 112122303201 (base 4) in base 8?
26326341
Convert 15442252 (base 6) to base 13.
16348a
Convert 533341130 (base 6) to base 9.
18626430
What is -1aa33 (base 14) in base 16?
-10915
What is 101011110010001101 (base 2) in base 10?
179341
What is -9057 (base 15) in base 16?
-76f9
What is -15060016 (base 7) in base 6?
-50322451
Convert -11671229 (base 10) to base 14.
-17